). Suppose x = 5*h - 3945 - 5290. Is h prime?
True
Suppose -6*l + 10*l = 0. Suppose -5*p + 2*q - 5*q + 95 = l, -5*p + 90 = 4*q. Let x = p - 7. Is x a composite number?
True
Suppose 2*k - 806 = -2*p + p, -3*p = -3*k + 1227. Suppose -2*i - i = -k. Let f = -76 + i. Is f prime?
True
Suppose -11962 = -187*s + 185*s. Is s a composite number?
False
Is 11251 + (35/5 - 1) a prime number?
True
Let x be (-2)/((-1)/((-630)/(-4) - 4)). Suppose 3*z - 572 = 2*z. Let c = z - x. Is c prime?
False
Let o be (-12)/6*(0 + 1). Let r = o - -4. Suppose 0 = 3*b - 9, r*b - 2 - 17 = -h. Is h prime?
True
Is (-267220)/(-28) + -1 - (-51)/119 prime?
False
Let a be 1/(-5)*-5 + 2 + -12918. Is (14/10 - 1) + a/(-25) a composite number?
True
Suppose -5*l - 47 = 2*m - 21, 4*m + l + 16 = 0. Is m + (-5 + 9)*239 composite?
False
Let g = 106 + -100. Suppose -4*p - g*p = -10590. Is p prime?
False
Let b(t) = t**2 + 15*t - 5. Let v be (-34 + -2)*3/(-9). Is b(v) composite?
True
Suppose 0 = -4*f + 4*a - 8, -a = -f - 4*a - 10. Let r be 0 - (207 - 4) - f. Let u = 282 + r. Is u a prime number?
True
Let k(a) = 586*a**3 - 14*a + 14. Is k(1) a prime number?
False
Suppose -1496*x + 9294 = -1494*x. Is x prime?
False
Let a(v) = v**2 + 2*v - 5. Let h be a(-4). Is (-9 - -391)/(h - 1) prime?
True
Suppose -3*v = 2*v. Suppose 6 = w - v*w. Let f(q) = 16*q - 9. Is f(w) a composite number?
True
Let u(k) = -11 - 2*k + 3*k - 3*k. Let h be u(-8). Suppose -t = -h*t + 188. Is t prime?
True
Let g(f) = f**3 + 24*f**2 - 23*f - 28. Let a be g(-22). Suppose 0 = -x - 2*z + 705, -x + 5*z = x - a. Is x a prime number?
False
Let i(t) = t**3 + 4*t**2 - 8*t - 4. Let o be i(-4). Is 21/o*(524 + 0) prime?
False
Is ((-44835)/14)/(-21)*74/5 a composite number?
True
Suppose -4*o + 0*l + l + 11756 = 0, -2*o = -4*l - 5892. Suppose 2*p - z + 4*z = 2954, -2*p + o = -z. Is p a composite number?
False
Suppose 6*b - 1924 = 9746. Is b composite?
True
Suppose 6*g - 8*g + 4 = 0. Suppose -4 = -2*w, -639 - 35 = -g*l + 4*w. Is l a composite number?
True
Suppose -y = 6*y - 8568. Suppose -4*o = -2*o. Suppose 3*k = -b + y, o = 3*b - 2*b + 3. Is k composite?
False
Is 10 - (-1080)/(-96) - 685538/(-8) composite?
False
Let w be 15/60 + 45/(-4). Let s be (w - -1)*(-20)/(-25). Let k(a) = -51*a + 11. Is k(s) a prime number?
True
Suppose -2*q + 2286 = -3*d + 7*d, -3*d - 12 = 0. Is q prime?
True
Suppose 80171 = 19*w - 6*w. Is w composite?
True
Suppose n - 9 = -4*k, -5*n + 2*k - 3 = -26. Let c(s) = -2 - 5*s - 6*s**2 + 22*s**2 - 1 + n. Is c(3) a prime number?
True
Let m(s) = 4*s**2 + 8*s - 61. Is m(-21) a prime number?
False
Let y(a) = 5*a**2 + 81*a - 16. Is y(-18) prime?
False
Let k(l) = 44*l - 2 + 2*l + 16*l - 11*l. Let y be k(3). Suppose 2*f - y = 279. Is f a prime number?
False
Suppose 149*g = 145*g + 247532. Is g a composite number?
True
Let f = 41884 - 20825. Is f a composite number?
False
Let x = -466 + 627. Is x prime?
False
Let c(q) = -q - 1. Let m(n) = -8*n**2 + 44*n + 44. Let t(x) = -88*c(x) - 2*m(x). Let u be t(1). Let a = -1 + u. Is a prime?
False
Is 12/(-18) + ((-12306)/(-9))/2 a prime number?
True
Suppose 4*d - 11682 = -2*p, -p = 19*d - 21*d + 5851. Is d composite?
True
Suppose 0 = o - 2*o - t - 240, -4*t = -8. Let g = o + 453. Is g a prime number?
True
Let z(d) = 2 + 3*d + 5 + 9*d**3 + 0 + 4*d**2 - 7*d**3. Is z(4) composite?
False
Let y = 1904 - 655. Is y composite?
False
Let f(n) = -n**2 + 2*n + 2. Let i be f(2). Suppose 36 = 11*h + 3. Suppose 0 = h*k + i*k - 795. Is k a composite number?
True
Let n be ((-12)/7)/(14/(-147)). Suppose m = -0*m - 5*h - n, 5*h + 16 = -2*m. Is 2872/24 + m/(-3) a composite number?
True
Let x(t) = -9*t**3 + 11*t**2 - 59. Let i(g) = 5*g**3 - 6*g**2 + 29. Let w(q) = -11*i(q) - 6*x(q). Is w(0) prime?
False
Let r(m) = 12*m - 3. Let f be r(2). Suppose 2*x - f = 49. Is x a prime number?
False
Let f(u) = -5*u**2 + 2*u + 1. Let n be f(-1). Is n/9*(-2334)/4 a prime number?
True
Let u(h) be the first derivative of -23*h**4/2 + h**3 + 3*h**2/2 + 2*h + 40. Is u(-3) prime?
False
Suppose 8*q - 187 = -3*q. Suppose q*y - 6*y - 15829 = 0. Is y a composite number?
False
Suppose -7 = -6*y + 5. Let g(h) = 115*h - 7. Is g(y) composite?
False
Suppose 0 = 7*f - 11*f - 40. Let x = f - -36. Let w = 63 - x. Is w prime?
True
Suppose -2*d = -17173 - 453. Is d a prime number?
False
Let h = 2114 + -4908. Let s be ((-3)/(-2))/(11/h). Let l = 566 + s. Is l prime?
False
Suppose 0 = -g + 2 + 2. Suppose -g = 2*b - 18. Is b a prime number?
True
Let z(s) = s**3 + 20*s**2 - 84*s + 29. Is z(16) a prime number?
True
Let n(p) = -p**2 - 28*p + 4. Let k be n(-9). Suppose 0 = 8*x - x - k. Is x prime?
False
Let r(h) = -11*h**3 - 33*h**2 + 17*h + 48. Let d(g) = -4*g**3 - 11*g**2 + 6*g + 16. Let s(b) = -8*d(b) + 3*r(b). Is s(-14) prime?
False
Suppose -5*q + 20 = 5*t, 0*t - 3*t = -q. Suppose -q*r = -3*l - 7557, 2*r - 3*l + 7569 = 5*r. Is r prime?
True
Let x(h) = -6*h**3 + 23*h**2 + 8*h + 31. Is x(-16) composite?
False
Suppose -2*y + 3*y = 0. Suppose -3*k + k = 5*l + 100, y = 5*k. Is (-145)/l - 1/4 a composite number?
False
Let c = -8 + -16. Let b = 40 + c. Let l = 105 - b. Is l a composite number?
False
Suppose -m + 3*h + 5 = 2, 0 = 4*m - 3*h - 3. Suppose m = 17*p - p - 4768. Is p prime?
False
Let u = 533 - -618. Is u prime?
True
Let y(s) = 327*s + 155. Is y(24) a prime number?
False
Suppose -3*x - 6 + 21 = 0. Let b = 6 - 3. Suppose 0 = i - b*f - 127, x*i + 5*f - 254 = 3*i. Is i prime?
True
Suppose -2*w + 190 = 766. Suppose 0*n + 7*n = 301. Let k = n - w. Is k prime?
True
Suppose 0 = -7*x + 9*x - 4. Suppose -x = -2*w, -h + 3*w = -5*h + 2375. Is h prime?
True
Suppose 2*y - 826 = -0*y + 2*m, -3*m = -4*y + 1648. Suppose -f + 0*f + y = 0. Is f a prime number?
True
Suppose 4*f - k - 54 = 0, -3*k = -2*k + 2. Suppose 3*u = 4*y - 3955, f*y - 4943 = 8*y + 4*u. Is y prime?
True
Suppose 2*k - k + 2*q + 2 = 0, 0 = 5*k + 3*q - 11. Suppose -3*f = -k*f + 257. Is (5 + -2)*f/3 prime?
True
Let k(c) = 190*c**2 + 43*c + 278. Is k(-27) a prime number?
False
Let d be 12/((-2)/(-13) + (-8764)/55783). Let z = -2359 - d. Is z composite?
False
Let p be (276/(-8))/(3/546). Is (-15)/(-40) - p/24 prime?
False
Let x(w) be the third derivative of -w**5/30 + 5*w**4/24 - 5*w**3/3 - 6*w**2. Let d be x(8). Is (d/(-21))/((-4)/(-30)) a composite number?
True
Let u(m) = 5669*m**3 + 6*m**2 - 3*m - 9. Is u(2) prime?
True
Let q be 2/4 + (-24)/16. Let h be (-250)/(-6)*(2 - q). Suppose o + 0 = -2*l + h, -2*l + 5*o + 155 = 0. Is l composite?
True
Let z = -21 + 19. Is (0*3/(-9))/z + 3899 prime?
False
Suppose 0 = -2*p - 0*p + 2*n + 32, 42 = 3*p - 5*n. Suppose 7*v + 11436 = p*v. Is v a prime number?
True
Is 79184/18 + 1/(-9) prime?
False
Suppose 8*g - 3*g = -5*b, 5*g - 2*b = 0. Suppose 5*d - 5*u - 810 = -170, 2*u - 4 = g. Suppose 21 = -k + d. Is k prime?
True
Suppose -5*i - 42 = 8. Let l be (-517)/(-5) + i/25. Let r = -36 + l. Is r composite?
False
Let l = 862 - -6183. Is l a composite number?
True
Is 1689 + 2*10/5 a composite number?
False
Suppose -27*k + 22*k = 0. Suppose k = -4*v - v + 4665. Is v composite?
True
Let u = -7 + 3. Let h = u + 8. Suppose -h*o = o - 2035. Is o a composite number?
True
Let t = 4193 - 2409. Suppose -2*s + t = 2*z, 2*z - 1772 = 3*s - s. Is z a prime number?
False
Let q = -26765 - -125070. Is q a prime number?
False
Suppose -4*z + 11688 = -17636. Is z prime?
True
Suppose 123 = 3*b + 9. Is (-3246)/4*b/(-57) a prime number?
True
Suppose -26*j + 91184 = -51998. Is j composite?
False
Let y = 3695 - 1594. Is y a prime number?
False
Suppose -7*u = -8*u + 8915. Is u a composite number?
True
Let a be (-2)/4 - (-8550)/(-12). Let l = a + 1404. Is l a composite number?
False
Let y be (-5 - (-2 + -2))*0. Let j be -3 + 1/(-1 + y). Is 4/(-16) - 1109/j prime?
True
Let k = -1 - 5. Is k*(-1)/(6/597) a composite number?
True
Let d be (-21)/14*(-4)/3. Is (d/(-8))/((-2)/4696) composite?
False
Let w = -616 + 356. Let u = -156 - w. Suppose 4*x + u = 420. Is x a composite number?
False
Let v(g) = 17*g**2 - 9*g - 43. Is v(-5) composite?
True
Let v(k) = 15*k**2 + 6*k + 2. Let j be ((-5)/4)/((-10)/(-40)). Is v(j) a prime number?
True
Let f = 141 + 3266. Is f a prime number?
True
Suppose 2*g + g + 15 = 0. Let o = g - -5. Suppose -l + 5*l - 2212 = o. Is l prime?
False
Let v = -62 - -62. Suppose -5*